{"id":13,"date":"2020-11-14T17:51:53","date_gmt":"2020-11-14T16:51:53","guid":{"rendered":"http:\/\/julienpilon.fr\/?page_id=13"},"modified":"2025-02-19T17:00:25","modified_gmt":"2025-02-19T16:00:25","slug":"13-2","status":"publish","type":"page","link":"https:\/\/julienpilon.fr\/","title":{"rendered":"landing"},"content":{"rendered":"<p>[et_pb_section fb_built=\u00a0\u00bb1&Prime; fullwidth=\u00a0\u00bbon\u00a0\u00bb _builder_version=\u00a0\u00bb4.16&Prime; _module_preset=\u00a0\u00bbdefault\u00a0\u00bb background_image=\u00a0\u00bbhttps:\/\/julienpilon.fr\/wp-content\/uploads\/2020\/12\/Julien-Pilon-vins-blancs-rhone.jpg\u00a0\u00bb da_disable_devices=\u00a0\u00bboff|off|off\u00a0\u00bb global_colors_info=\u00a0\u00bb{}\u00a0\u00bb da_is_popup=\u00a0\u00bboff\u00a0\u00bb da_exit_intent=\u00a0\u00bboff\u00a0\u00bb da_has_close=\u00a0\u00bbon\u00a0\u00bb da_alt_close=\u00a0\u00bboff\u00a0\u00bb da_dark_close=\u00a0\u00bboff\u00a0\u00bb da_not_modal=\u00a0\u00bbon\u00a0\u00bb da_is_singular=\u00a0\u00bboff\u00a0\u00bb da_with_loader=\u00a0\u00bboff\u00a0\u00bb da_has_shadow=\u00a0\u00bbon\u00a0\u00bb][et_pb_fullwidth_header title=\u00a0\u00bb Julien Pilon\u00a0\u00bb text_orientation=\u00a0\u00bbcenter\u00a0\u00bb header_fullscreen=\u00a0\u00bbon\u00a0\u00bb header_scroll_down=\u00a0\u00bbon\u00a0\u00bb _builder_version=\u00a0\u00bb4.16&Prime; _module_preset=\u00a0\u00bbdefault\u00a0\u00bb title_font=\u00a0\u00bbBitter||||||||\u00a0\u00bb content_font=\u00a0\u00bbBitter||||||||\u00a0\u00bb subhead_font=\u00a0\u00bbBitter||||||||\u00a0\u00bb background_color=\u00a0\u00bbRGBA(0,0,0,0)\u00a0\u00bb background_image=\u00a0\u00bbhttps:\/\/julienpilon.fr\/wp-content\/uploads\/2020\/12\/Julien-Pilon-vins-blancs-rhone.jpg\u00a0\u00bb title_text_shadow_style=\u00a0\u00bbpreset3&Prime; content_text_shadow_style=\u00a0\u00bbpreset3&Prime; subhead_text_shadow_style=\u00a0\u00bbpreset3&Prime; text_shadow_style=\u00a0\u00bbpreset3&Prime; global_colors_info=\u00a0\u00bb{}\u00a0\u00bb]<\/p>\n<h4><em>vins de la vall\u00e9e du Rh\u00f4ne<\/em><\/h4>\n<p>[\/et_pb_fullwidth_header][\/et_pb_section][et_pb_section fb_built=\u00a0\u00bb1&Prime; _builder_version=\u00a0\u00bb4.16&Prime; _module_preset=\u00a0\u00bbdefault\u00a0\u00bb custom_padding=\u00a0\u00bb50px||||false|false\u00a0\u00bb da_disable_devices=\u00a0\u00bboff|off|off\u00a0\u00bb global_colors_info=\u00a0\u00bb{}\u00a0\u00bb da_is_popup=\u00a0\u00bboff\u00a0\u00bb da_exit_intent=\u00a0\u00bboff\u00a0\u00bb da_has_close=\u00a0\u00bbon\u00a0\u00bb da_alt_close=\u00a0\u00bboff\u00a0\u00bb da_dark_close=\u00a0\u00bboff\u00a0\u00bb da_not_modal=\u00a0\u00bbon\u00a0\u00bb da_is_singular=\u00a0\u00bboff\u00a0\u00bb da_with_loader=\u00a0\u00bboff\u00a0\u00bb da_has_shadow=\u00a0\u00bbon\u00a0\u00bb][et_pb_row column_structure=\u00a0\u00bb2_5,3_5&Prime; _builder_version=\u00a0\u00bb4.16&Prime; _module_preset=\u00a0\u00bbdefault\u00a0\u00bb global_colors_info=\u00a0\u00bb{}\u00a0\u00bb][et_pb_column type=\u00a0\u00bb2_5&Prime; _builder_version=\u00a0\u00bb4.16&Prime; _module_preset=\u00a0\u00bbdefault\u00a0\u00bb global_colors_info=\u00a0\u00bb{}\u00a0\u00bb][et_pb_image src=\u00a0\u00bbhttps:\/\/julienpilon.fr\/wp-content\/uploads\/2020\/12\/Julien-Pilon-viticulteur-portrait-1-scaled.jpg\u00a0\u00bb alt=\u00a0\u00bbUn portrait de Julien PILON viticulteur dans sa cave\u00a0\u00bb title_text=\u00a0\u00bbJulien-Pilon-viticulteur-portrait-1&Prime; _builder_version=\u00a0\u00bb4.16&Prime; _module_preset=\u00a0\u00bbdefault\u00a0\u00bb global_colors_info=\u00a0\u00bb{}\u00a0\u00bb][\/et_pb_image][\/et_pb_column][et_pb_column type=\u00a0\u00bb3_5&Prime; _builder_version=\u00a0\u00bb4.16&Prime; _module_preset=\u00a0\u00bbdefault\u00a0\u00bb global_colors_info=\u00a0\u00bb{}\u00a0\u00bb][et_pb_text _builder_version=\u00a0\u00bb4.16&Prime; _module_preset=\u00a0\u00bbdefault\u00a0\u00bb text_font=\u00a0\u00bbBitter||||||||\u00a0\u00bb header_font=\u00a0\u00bbBitter||||||||\u00a0\u00bb custom_padding=\u00a0\u00bb0px||0px|||\u00a0\u00bb global_colors_info=\u00a0\u00bb{}\u00a0\u00bb]<\/p>\n<h3>Bienvenu \u00e0 la cave Julien Pilon<\/h3>\n<p>[\/et_pb_text][et_pb_text _builder_version=\u00a0\u00bb4.16&Prime; _module_preset=\u00a0\u00bbdefault\u00a0\u00bb text_font=\u00a0\u00bbBitter||||||||\u00a0\u00bb header_font=\u00a0\u00bbBitter||||||||\u00a0\u00bb global_colors_info=\u00a0\u00bb{}\u00a0\u00bb]<\/p>\n<p>Julien Pilon est vigneron de la vall\u00e9e du Rh\u00f4ne Nord, \u00e0 Chavanay.<\/p>\n<p>Sa gamme de vins se compose des appellations de la vall\u00e9e du Rh\u00f4ne septentrionale.<br \/> <strong>Crozes-Hermitage<\/strong>,\u00a0<strong>Saint-Pera<\/strong><strong>y<\/strong>,<strong> Saint-Joseph<\/strong>,<strong> <\/strong><strong>Hermitage<\/strong> et <strong>Condrieu\u00a0<\/strong>en vins blancs.<br \/> <strong>Saint-Joseph<\/strong>,<strong>\u00a0Cornas<\/strong>\u00a0et<strong> C\u00f4te-R\u00f4tie<\/strong>\u00a0en vins rouges.<\/p>\n<p>Il propose \u00e9galement des vins de France de c\u00e9pages: <strong>Marsanne<\/strong>, <strong>Roussanne<\/strong>, <strong>Viognier<\/strong> et <strong>Syrah<\/strong>.<\/p>\n<p>Toutes ces cuv\u00e9es sont l&rsquo;expression de leurs riches terroirs et d&rsquo;un pr\u00e9cieux travail \u00e0 \u00e9chelle humaine.<\/p>\n<p><em>Plongez dans l&rsquo;univers de Julien Pilon<\/em><\/p>\n<p>&nbsp;<\/p>\n<p>[\/et_pb_text][\/et_pb_column][\/et_pb_row][\/et_pb_section]<\/p>\n","protected":false},"excerpt":{"rendered":"<p>vins de la vall\u00e9e du Rh\u00f4neBienvenu \u00e0 la cave Julien PilonJulien Pilon est vigneron de la vall\u00e9e du Rh\u00f4ne Nord, \u00e0 Chavanay. Sa gamme de vins se compose des appellations de la vall\u00e9e du Rh\u00f4ne septentrionale. Crozes-Hermitage,\u00a0Saint-Peray, Saint-Joseph, Hermitage et Condrieu\u00a0en vins blancs. Saint-Joseph,\u00a0Cornas\u00a0et C\u00f4te-R\u00f4tie\u00a0en vins rouges. Il propose \u00e9galement des vins de France de [&hellip;]<\/p>\n","protected":false},"author":1,"featured_media":0,"parent":0,"menu_order":0,"comment_status":"closed","ping_status":"closed","template":"","meta":{"_et_pb_use_builder":"on","_et_pb_old_content":"","_et_gb_content_width":"","footnotes":""},"class_list":["post-13","page","type-page","status-publish","hentry"],"yoast_head":"<!-- This site is optimized with the Yoast SEO plugin v27.4 - https:\/\/yoast.com\/product\/yoast-seo-wordpress\/ -->\n<title>landing - Julien Pilon<\/title>\n<meta name=\"robots\" content=\"index, follow, max-snippet:-1, max-image-preview:large, max-video-preview:-1\" \/>\n<link rel=\"canonical\" href=\"https:\/\/julienpilon.fr\/\" \/>\n<meta property=\"og:locale\" content=\"fr_FR\" \/>\n<meta property=\"og:type\" content=\"article\" \/>\n<meta property=\"og:title\" content=\"landing - Julien Pilon\" \/>\n<meta property=\"og:description\" content=\"vins de la vall\u00e9e du Rh\u00f4neBienvenu \u00e0 la cave Julien PilonJulien Pilon est vigneron de la vall\u00e9e du Rh\u00f4ne Nord, \u00e0 Chavanay. Sa gamme de vins se compose des appellations de la vall\u00e9e du Rh\u00f4ne septentrionale. Crozes-Hermitage,\u00a0Saint-Peray, Saint-Joseph, Hermitage et Condrieu\u00a0en vins blancs. Saint-Joseph,\u00a0Cornas\u00a0et C\u00f4te-R\u00f4tie\u00a0en vins rouges. Il propose \u00e9galement des vins de France de [&hellip;]\" \/>\n<meta property=\"og:url\" content=\"https:\/\/julienpilon.fr\/\" \/>\n<meta property=\"og:site_name\" content=\"Julien Pilon\" \/>\n<meta property=\"article:modified_time\" content=\"2025-02-19T16:00:25+00:00\" \/>\n<meta name=\"twitter:card\" content=\"summary_large_image\" \/>\n<meta name=\"twitter:label1\" content=\"Dur\u00e9e de lecture estim\u00e9e\" \/>\n\t<meta name=\"twitter:data1\" content=\"2 minutes\" \/>\n<script type=\"application\/ld+json\" class=\"yoast-schema-graph\">{\"@context\":\"https:\\\/\\\/schema.org\",\"@graph\":[{\"@type\":\"WebPage\",\"@id\":\"https:\\\/\\\/julienpilon.fr\\\/\",\"url\":\"https:\\\/\\\/julienpilon.fr\\\/\",\"name\":\"landing - Julien Pilon\",\"isPartOf\":{\"@id\":\"https:\\\/\\\/julienpilon.fr\\\/#website\"},\"datePublished\":\"2020-11-14T16:51:53+00:00\",\"dateModified\":\"2025-02-19T16:00:25+00:00\",\"breadcrumb\":{\"@id\":\"https:\\\/\\\/julienpilon.fr\\\/#breadcrumb\"},\"inLanguage\":\"fr-FR\",\"potentialAction\":[{\"@type\":\"ReadAction\",\"target\":[\"https:\\\/\\\/julienpilon.fr\\\/\"]}]},{\"@type\":\"BreadcrumbList\",\"@id\":\"https:\\\/\\\/julienpilon.fr\\\/#breadcrumb\",\"itemListElement\":[{\"@type\":\"ListItem\",\"position\":1,\"name\":\"Accueil\",\"item\":\"https:\\\/\\\/julienpilon.fr\\\/\"},{\"@type\":\"ListItem\",\"position\":2,\"name\":\"landing\"}]},{\"@type\":\"WebSite\",\"@id\":\"https:\\\/\\\/julienpilon.fr\\\/#website\",\"url\":\"https:\\\/\\\/julienpilon.fr\\\/\",\"name\":\"Julien Pilon\",\"description\":\"vins de la vall\u00e9e du Rh\u00f4ne\",\"potentialAction\":[{\"@type\":\"SearchAction\",\"target\":{\"@type\":\"EntryPoint\",\"urlTemplate\":\"https:\\\/\\\/julienpilon.fr\\\/?s={search_term_string}\"},\"query-input\":{\"@type\":\"PropertyValueSpecification\",\"valueRequired\":true,\"valueName\":\"search_term_string\"}}],\"inLanguage\":\"fr-FR\"}]}<\/script>\n<!-- \/ Yoast SEO plugin. -->","yoast_head_json":{"title":"landing - Julien Pilon","robots":{"index":"index","follow":"follow","max-snippet":"max-snippet:-1","max-image-preview":"max-image-preview:large","max-video-preview":"max-video-preview:-1"},"canonical":"https:\/\/julienpilon.fr\/","og_locale":"fr_FR","og_type":"article","og_title":"landing - Julien Pilon","og_description":"vins de la vall\u00e9e du Rh\u00f4neBienvenu \u00e0 la cave Julien PilonJulien Pilon est vigneron de la vall\u00e9e du Rh\u00f4ne Nord, \u00e0 Chavanay. Sa gamme de vins se compose des appellations de la vall\u00e9e du Rh\u00f4ne septentrionale. Crozes-Hermitage,\u00a0Saint-Peray, Saint-Joseph, Hermitage et Condrieu\u00a0en vins blancs. Saint-Joseph,\u00a0Cornas\u00a0et C\u00f4te-R\u00f4tie\u00a0en vins rouges. Il propose \u00e9galement des vins de France de [&hellip;]","og_url":"https:\/\/julienpilon.fr\/","og_site_name":"Julien Pilon","article_modified_time":"2025-02-19T16:00:25+00:00","twitter_card":"summary_large_image","twitter_misc":{"Dur\u00e9e de lecture estim\u00e9e":"2 minutes"},"schema":{"@context":"https:\/\/schema.org","@graph":[{"@type":"WebPage","@id":"https:\/\/julienpilon.fr\/","url":"https:\/\/julienpilon.fr\/","name":"landing - Julien Pilon","isPartOf":{"@id":"https:\/\/julienpilon.fr\/#website"},"datePublished":"2020-11-14T16:51:53+00:00","dateModified":"2025-02-19T16:00:25+00:00","breadcrumb":{"@id":"https:\/\/julienpilon.fr\/#breadcrumb"},"inLanguage":"fr-FR","potentialAction":[{"@type":"ReadAction","target":["https:\/\/julienpilon.fr\/"]}]},{"@type":"BreadcrumbList","@id":"https:\/\/julienpilon.fr\/#breadcrumb","itemListElement":[{"@type":"ListItem","position":1,"name":"Accueil","item":"https:\/\/julienpilon.fr\/"},{"@type":"ListItem","position":2,"name":"landing"}]},{"@type":"WebSite","@id":"https:\/\/julienpilon.fr\/#website","url":"https:\/\/julienpilon.fr\/","name":"Julien Pilon","description":"vins de la vall\u00e9e du Rh\u00f4ne","potentialAction":[{"@type":"SearchAction","target":{"@type":"EntryPoint","urlTemplate":"https:\/\/julienpilon.fr\/?s={search_term_string}"},"query-input":{"@type":"PropertyValueSpecification","valueRequired":true,"valueName":"search_term_string"}}],"inLanguage":"fr-FR"}]}},"_links":{"self":[{"href":"https:\/\/julienpilon.fr\/index.php\/wp-json\/wp\/v2\/pages\/13","targetHints":{"allow":["GET"]}}],"collection":[{"href":"https:\/\/julienpilon.fr\/index.php\/wp-json\/wp\/v2\/pages"}],"about":[{"href":"https:\/\/julienpilon.fr\/index.php\/wp-json\/wp\/v2\/types\/page"}],"author":[{"embeddable":true,"href":"https:\/\/julienpilon.fr\/index.php\/wp-json\/wp\/v2\/users\/1"}],"replies":[{"embeddable":true,"href":"https:\/\/julienpilon.fr\/index.php\/wp-json\/wp\/v2\/comments?post=13"}],"version-history":[{"count":65,"href":"https:\/\/julienpilon.fr\/index.php\/wp-json\/wp\/v2\/pages\/13\/revisions"}],"predecessor-version":[{"id":1908,"href":"https:\/\/julienpilon.fr\/index.php\/wp-json\/wp\/v2\/pages\/13\/revisions\/1908"}],"wp:attachment":[{"href":"https:\/\/julienpilon.fr\/index.php\/wp-json\/wp\/v2\/media?parent=13"}],"curies":[{"name":"wp","href":"https:\/\/api.w.org\/{rel}","templated":true}]}}